se
Does 68 divide 33524?
True
Does 75 divide 825?
True
Is 20128 a multiple of 24?
False
Does 13 divide 443?
False
Does 11 divide 14540?
False
Does 4 divide 36247?
False
Is 2465 a multiple of 41?
False
Is 8 a factor of 656?
True
Is 21840 a multiple of 14?
True
Is 41454 a multiple of 329?
True
Is 3333 a multiple of 47?
False
Does 251 divide 16566?
True
Does 101 divide 77265?
True
Is 936 a multiple of 117?
True
Is 28 a factor of 24892?
True
Is 98805 a multiple of 15?
True
Is 3524 a multiple of 4?
True
Does 9 divide 143?
False
Does 36 divide 239?
False
Is 737 a multiple of 41?
False
Does 9 divide 1098?
True
Is 15 a factor of 22137?
False
Is 15586 a multiple of 6?
False
Does 108 divide 26258?
False
Is 10 a factor of 1208?
False
Is 14 a factor of 556?
False
Does 16 divide 6676?
False
Does 11 divide 982?
False
Does 58 divide 180?
False
Is 2 a factor of 15352?
True
Does 108 divide 5832?
True
Is 17 a factor of 157?
False
Is 47436 a multiple of 118?
True
Is 527 a multiple of 31?
True
Is 43 a factor of 1591?
True
Is 13988 a multiple of 59?
False
Does 19 divide 9889?
False
Is 3906 a multiple of 3?
True
Does 34 divide 1190?
True
Is 5 a factor of 1487?
False
Is 20 a factor of 620?
True
Does 92 divide 59064?
True
Does 46 divide 2990?
True
Is 27 a factor of 19907?
False
Is 900 a multiple of 20?
True
Is 11 a factor of 3784?
True
Is 22 a factor of 39427?
False
Is 1918 a multiple of 2?
True
Does 3 divide 1292?
False
Is 18 a factor of 17766?
True
Is 130 a factor of 5713?
False
Is 1897 a multiple of 7?
True
Is 26196 a multiple of 59?
True
Is 759 a multiple of 133?
False
Is 5379 a multiple of 3?
True
Is 864 a multiple of 27?
True
Is 20 a factor of 8483?
False
Is 207 a multiple of 3?
True
Does 3 divide 1104?
True
Is 4 a factor of 3671?
False
Is 71 a factor of 71896?
False
Does 40 divide 1104?
False
Does 106 divide 1647?
False
Is 9 a factor of 449?
False
Does 64 divide 7719?
False
Is 202 a multiple of 7?
False
Is 5104 a multiple of 44?
True
Is 74 a factor of 1628?
True
Is 5 a factor of 210?
True
Is 24 a factor of 888?
True
Is 193 a factor of 26248?
True
Is 14 a factor of 31570?
True
Is 58 a factor of 1011?
False
Does 13 divide 1774?
False
Is 2660 a multiple of 7?
True
Is 12 a factor of 251?
False
Is 288 a multiple of 8?
True
Does 136 divide 1088?
True
Is 15 a factor of 1434?
False
Does 16 divide 66192?
True
Does 16 divide 1197?
False
Is 19496 a multiple of 42?
False
Is 13 a factor of 2754?
False
Does 7 divide 819?
True
Does 11 divide 48290?
True
Is 4 a factor of 3568?
True
Is 3346 a multiple of 126?
False
Does 13 divide 2161?
False
Is 53 a factor of 1841?
False
Does 80 divide 1907?
False
Is 17370 a multiple of 90?
True
Does 28 divide 532?
True
Is 7949 a multiple of 13?
False
Is 18 a factor of 270?
True
Is 6 a factor of 1038?
True
Is 9 a factor of 189?
True
Does 13 divide 270?
False
Is 6 a factor of 40?
False
Is 5 a factor of 198?
False
Is 13 a factor of 1469?
True
Does 3 divide 189?
True
Is 10 a factor of 320?
True
Does 45 divide 720?
True
Does 4 divide 1428?
True
Does 13 divide 4368?
True
Is 43 a factor of 3264?
False
Does 9 divide 43047?
True
Does 70 divide 2800?
True
Does 65 divide 6045?
True
Is 58 a factor of 16583?
False
Does 17 divide 1105?
True
Does 17 divide 78217?
True
Is 834 a multiple of 27?
False
Is 74 a factor of 731?
False
Does 72 divide 3168?
True
Is 121 even?
False
Is 2083 a multiple of 14?
False
Is 61 a factor of 16043?
True
Is 39 a factor of 3501?
False
Does 5 divide 245?
True
Does 93 divide 93?
True
Does 35 divide 1090?
False
Is 4720 a multiple of 59?
True
Is 10560 a multiple of 120?
True
Is 80 a factor of 1099?
False
Is 722 even?
True
Does 93 divide 6138?
True
Does 21 divide 1076?
False
Does 55 divide 440?
True
Is 116 a factor of 5044?
False
Is 17 a factor of 1854?
False
Is 986 a multiple of 40?
False
Does 19 divide 88?
False
Does 16 divide 11020?
False
Is 11 a factor of 242?
True
Is 22 a factor of 3372?
False
Does 6 divide 402?
True
Does 77 divide 22946?
True
Does 25 divide 275?
True
Does 316 divide 140122?
False
Is 5724 a multiple of 6?
True
Does 145 divide 13050?
True
Is 12 a factor of 420?
True
Does 18 divide 55535?
False
Does 4 divide 16?
True
Does 53 divide 15300?
False
Is 19 a factor of 241?
False
Is 819 a multiple of 21?
True
Is 76 a factor of 608?
True
Is 221 a multiple of 24?
False
Is 13948 a multiple of 11?
True
Does 69 divide 1656?
True
Is 10 a factor of 30?
True
Does 15 divide 6750?
True
Is 1057 a multiple of 14?
False
Is 144 a multiple of 6?
True
Is 3300 a multiple of 25?
True
Is 115 a factor of 1265?
True
Is 4377 a multiple of 31?
False
Does 85 divide 15790?
False
Does 32 divide 1408?
True
Is 668 a multiple of 43?
False
Is 965 a multiple of 33?
False
Is 15328 a multiple of 32?
True
Does 27 divide 3255?
False
Does 19 divide 5757?
True
Is 26 a factor of 25552?
False
Is 446 a multiple of 65?
False
Is 37 a factor of 351?
False
Is 39025 a multiple of 35?
True
Is 614 a multiple of 2?
True
Is 8 a factor of 26?
False
Is 450 a multiple of 3?
True
Does 2 divide 325?
False
Is 125 a factor of 38065?
False
Is 23875 a multiple of 146?
False
Is 45 a factor of 675?
True
Does 15 divide 1110?
True
Is 306 a factor of 21063?
False
Does 39 divide 6992?
False
Is 828 a multiple of 12?
True
Does 19 divide 169?
False
Does 16 divide 34784?
True
Is 9 a factor of 3256?
False
Is 7475 a multiple of 13?
True
Is 4 a factor of 111?
False
Does 52 divide 780?
True
Is 1933 even?
False
Does 28 divide 19852?
True
Is 15972 a multiple of 121?
True
Is 30 a factor of 879?
False
Is 115 a factor of 52952?
False
Is 252 a multiple of 14?
True
Does 34 divide 710?
False
Is 2296 a multiple of 56?
True
Is 3 a factor of 160?
False
Is 67 a multiple of 3?
False
Is 53 a factor of 5557?
False
Is 14840 a multiple of 140?
True
Is 44 a factor of 3872?
True
Is 12031 a multiple of 13?
False
Is 24 a factor of 1632?
True
Is 4 a factor of 436?
True
Does 103 divide 50058?
True
Is 21 a factor of 1164?
False
Is 735 a multiple of 28?
False
Is 111 a factor of 43906?
False
Is 27 a factor of 756?
True
Does 11 divide 1892?
True
Is 12480 a multiple of 24?
True
Is 69 a factor of 20493?
True
Does 129 divide 7817?
False
Is 16750 a multiple of 25?
True
Is 27 a factor of 1724?
False
Is 570 a multiple of 13?
False
Is 19 a factor of 105404?
False
Is 1759 a multiple of 6?
False
Is 13405 a multiple of 11?
False
Is 15 a factor of 543?
False
Is 2965 a multiple of 8?
False
Is 4046 a multiple of 14?
True
Does 9 divide 1789?
False
Is 5418 a multiple of 129?
True
Is 612 a multiple of 34?
True
Is 17100 a multiple of 90?
True
Does 82 divide 1558?
True
Is 370 a multiple of 10?
True
Does 14 divide 2156?
True
Is 279 a factor of 6415?
False
Is 1872 a multiple of 117?
True
Does 25 divide 94500?
True
Is 2346 a multiple of 102?
True
Does 127 divide 12573?
True
Is 64 a factor of 2944?
True
Is 92 a factor of 7237?
False
Does 44 divide 31548?
True
Is 16 a factor of 480?
True
Is 45 a factor of 979?
False
Is 836 a multiple of 22?
True
Is 11 a factor of 1870?
True
Does 10 divide 19640?
True
Is 7 a factor of 5924?
False
Does 28 divide 637?
False
Is 8684 a multiple of 13?
True
Does 177 divide 66927?
False
Is 2 a factor of 48?
True
Does 68 divide 995?
False
Is 122 a factor of 25010?
True
Is 164 a multiple of 41?
True
Is 1181 a multiple of 3?
False
Is 411 a multiple of 23?
False
Does 133 divide 74135?
False
Is 2568 a multiple of 4?
True
Is 8321 a multiple of 51?
False
Is 3272 a multiple of 15?
False
Is 17180 a multiple of 20?
True
Is 492 a multiple of 41?
True
Is 6864 a multiple of 286?
True
Does 35 divide 3015?
False
Is 37 a factor of 12809?
False
Does 7 divide 392?
True
Is 41 a factor of 1935?
False
Does 357 divide 75684?
True
Is 103 a factor of 866?
False
Does 10 divide 1780?
True
Is 106 a factor of 1654?
False
Is 15 a factor of 610?
False
Is 8 a factor of 93?
False
Does 27 divide 195?
False
Is 5 a factor of 105?
True
Is 26184 a multiple of 12?
True
Is 20272 a multiple of 112?
True
Is 513 a multiple of 3?
True
Does 24 divide 449?
False
Is 39 a factor of 2348?
False
Does 47 divide 8583?
False
Is 891 a multiple of 15?
False
Does 14 divide 82?
False
Does 55 divide 6486?
False
Does 62 divide 20496?
False
Is 21 a factor of 58805?
False
Is 86 a factor of 4094?
False
Is 966 a multiple of 14?
True
Is 9 a factor of 3305?
False
Is 13 a fa